709?
9
What is the hundred millions digit of 789025859?
7
What is the ten thousands digit of 1270821051?
2
What is the hundreds digit of 23237437?
4
What is the tens digit of 320580282?
8
What is the hundreds digit of 521323938?
9
What is the tens digit of 141648535?
3
What is the units digit of 3598869013?
3
What is the hundred millions digit of 164915969?
1
What is the tens digit of 517040136?
3
What is the ten thousands digit of 6313624309?
2
What is the thousands digit of 1371145375?
5
What is the tens digit of 17386514?
1
What is the millions digit of 107775363?
7
What is the units digit of 1695249661?
1
What is the tens digit of 1479264790?
9
What is the millions digit of 18408592?
8
What is the units digit of 3075657014?
4
What is the hundred thousands digit of 1280644914?
6
What is the hundreds digit of 146441823?
8
What is the millions digit of 310819530?
0
What is the tens digit of 6986337?
3
What is the tens digit of 221745481?
8
What is the ten millions digit of 475048552?
7
What is the millions digit of 40460431?
0
What is the millions digit of 184032867?
4
What is the ten millions digit of 6752496502?
5
What is the hundred thousands digit of 4546783040?
7
What is the ten thousands digit of 8212157?
1
What is the thousands digit of 394384302?
4
What is the ten thousands digit of 1247631795?
3
What is the millions digit of 118680256?
8
What is the tens digit of 250574263?
6
What is the millions digit of 5009301133?
9
What is the thousands digit of 407726235?
6
What is the hundreds digit of 966570009?
0
What is the ten thousands digit of 487311147?
1
What is the tens digit of 2751198489?
8
What is the hundreds digit of 105627769?
7
What is the tens digit of 267441162?
6
What is the hundred thousands digit of 3180677506?
6
What is the thousands digit of 26902780?
2
What is the hundreds digit of 50675198?
1
What is the hundred thousands digit of 69716771?
7
What is the ten thousands digit of 20270422?
7
What is the billions digit of 1844363211?
1
What is the hundred thousands digit of 129316546?
3
What is the hundred millions digit of 248741993?
2
What is the ten millions digit of 770568989?
7
What is the thousands digit of 91040420?
0
What is the units digit of 2456569118?
8
What is the hundreds digit of 679324816?
8
What is the ten millions digit of 386529427?
8
What is the thousands digit of 257197267?
7
What is the ten thousands digit of 6017497?
1
What is the tens digit of 90292933?
3
What is the ten thousands digit of 167515141?
1
What is the hundreds digit of 47701495?
4
What is the billions digit of 2899108134?
2
What is the ten thousands digit of 437566549?
6
What is the millions digit of 212607940?
2
What is the millions digit of 478231226?
8
What is the ten thousands digit of 669377407?
7
What is the hundreds digit of 1367736279?
2
What is the ten thousands digit of 2637085243?
8
What is the hundred millions digit of 208284397?
2
What is the ten millions digit of 182497423?
8
What is the thousands digit of 9297023?
7
What is the hundred thousands digit of 25824473?
8
What is the hundreds digit of 387623988?
9
What is the tens digit of 7969294?
9
What is the tens digit of 10104731?
3
What is the units digit of 1036744152?
2
What is the hundred millions digit of 643937675?
6
What is the hundred thousands digit of 353717809?
7
What is the thousands digit of 1424183208?
3
What is the tens digit of 13457628?
2
What is the ten thousands digit of 615691?
1
What is the units digit of 55718858?
8
What is the units digit of 3311416?
6
What is the units digit of 4068963164?
4
What is the thousands digit of 1685268362?
8
What is the hundred thousands digit of 956760849?
7
What is the hundred thousands digit of 569113124?
1
What is the millions digit of 2169610975?
9
What is the hundred thousands digit of 2088256297?
2
What is the tens digit of 611778050?
5
What is the units digit of 1081310460?
0
What is the units digit of 23767956?
6
What is the ten thousands digit of 185888102?
8
What is the millions digit of 40540218?
0
What is the hundred millions digit of 1743103452?
7
What is the hundred thousands digit of 88993496?
9
What is the hundred thousands digit of 1761572694?
5
What is the ten millions digit of 120466287?
2
What is the thousands digit of 199301604?
1
What is the ten thousands digit of 64543857?
4
What is the millions digit of 806695749?
6
What is the millions digit of 1908070438?
8
What is the millions digit of 71877767?
1
What is the hundreds digit of 2181678?
6
What is the tens digit of 295308226?
2
What is the ten thousands digit of 1270256885?
5
What is the ten thousands digit of 135959131?
5
What is the hundred millions digit of 614867428?
6
What is the millions digit of 4229921684?
9
What is the hundred thousands digit of 154870973?
8
What is the hundreds digit of 42158116?
1
What is the hundreds digit of 5103068675?
6
What is the hundreds digit of 1847631?
6
What is the tens digit of 5218098981?
8
What is the tens digit of 67112431?
3
What is the hundred thousands digit of 48537511?
5
What is the units digit of 327691595?
5
What is the hundred thousands digit of 16250967?
2
What is the units digit of 44092637?
7
What is the millions digit of 81687637?
1
What is the thousands digit of 779633887?
3
What is the hundred millions digit of 651747407?
6
What is the tens digit of 153367636?
3
What is the hundred thousands digit of 5116386274?
3
What is the tens digit of 106273678?
7
What is the thousands digit of 1182231004?
1
What is the ten thousands digit of 443493409?
9
What is the thousands digit of 3655434312?
4
What is the thousands digit of 52197481?
7
What is the hundreds digit of 50710637?
6
What is the thousands digit of 504323672?
3
What is the hundreds digit of 178768761?
7
What is the millions digit of 240155687?
0
What is the hundreds digit of 34974022?
0
What is the thousands digit of 4763562490?
2
What is the millions digit of 529980312?
9
What is the tens digit of 106767123?
2
What is the hundred millions digit of 6061610863?
0
What is the ten millions digit of 62165082?
6
What is the millions digit of 87146984?
7
What is the millions digit of 2542903568?
2
What is the hundred thousands digit of 792175899?
1
What is the ten millions digit of 37426437?
3
What is the units digit of 5974944779?
9
What is the ten thousands digit of 1106953492?
5
What is the millions digit of 1246535691?
6
What is the hundred thousands digit of 1006129314?
1
What is the ten millions digit of 717115616?
1
What is the ten millions digit of 48900308?
4
What is the ten millions digit of 6289159746?
8
What is the hundred thousands digit of 2483258781?
2
What is the ten thousands digit of 187345481?
4
What is the ten thousands digit of 262829707?
2
What is the billions digit of 3564937371?
3
What is the thousands digit of 1960988425?
8
What is the millions digit of 1333235578?
3
What is the ten thousands digit of 155877491?
7
What is the hundred millions digit of 394399413?
3
What is the ten millions digit of 1646908368?
4
What is the tens digit of 958535765?
6
What is the tens digit of 38387385?
8
What is the ten thousands digit of 120907?
2
What is the tens digit of 120636819?
1
What is the millions digit of 221937753?
1
What is the tens digit of 679442561?
6
What is the ten thousands digit of 148420516?
2
What is the hundreds digit of 336042313?
3
What is the hundred thousands digit of 73776031?
7
What is the thousands digit of 26610176?
0
What is the hundred millions digit of 135813169?
1
What is the units digit of 10549731?
1
What is the hundred thousands digit of 166674325?
6
What is the hundred millions digit of 710878018?
7
What is the hundreds digit of 114172646?
6
What is the tens digit of 225970530?
3
What is the units digit of 1074107738?
8
What is the hundred thousands digit of 122863467?
8
What is the hundreds digit of 7969488530?
5
What is the hundred millions digit of 5523993811?
5
What is the units digit of 566154604?
4
What is the units digit of 692516616?
6
What is the ten millions digit of 7298974472?
9
What is the hundreds digit of 25938682?
6
What is the hundred millions digit of 6056393738?
0
What is the hundreds digit of 69078161?
1
What is the thousands digit of 90866952?
6
What is the hundreds digit o